27 is divided by b(8)?
5
Suppose -2*g + 160 = -v, 4*v - g + 616 = g. Let o = -140 - v. What is the remainder when (-68)/(-3) + 2/(-3) is divided by o?
10
Suppose 625100 = -162*i + 2636006. Calculate the remainder when i is divided by 16.
13
Suppose -18*o + 1381 = -1229. What is the remainder when 147 is divided by o?
2
Suppose 5*w = 341 - 331. Suppose 402 = -w*f + 832. Calculate the remainder when f is divided by 31.
29
Let r = -155 + 176. Let p = r + 7. What is the remainder when 42 is divided by p?
14
Let i(b) = -2*b**3 - 4*b**2 - 7*b - 7. Let k = -10 - -13. Suppose 0 = -5*n - u - 13, 0*u = -k*n + u - 11. What is the remainder when i(n) is divided by 17?
15
What is the remainder when 391 is divided by 168/3 + (-22)/((-22)/(-5))?
34
Let z(l) = -2*l - 6. Let h be z(-5). Let m be (-8)/5 - (-584)/365. Suppose h*i - 50 - 54 = m. Calculate the remainder when 49 is divided by i.
23
Suppose -4*g - 2*x = -2824, g + 2*g + 4*x = 2108. Calculate the remainder when g is divided by 44.
4
Let p = 36 - 29. Let g(a) = 6*a - 9*a - 3*a - p - 2. Calculate the remainder when 78 is divided by g(-6).
24
Let s(m) = -m + 19. Suppose -i = 4*p - 3*i + 20, 0 = 3*i + 12. Let z(y) = -y**2 - 8*y. Let g be z(p). What is the remainder when 40 is divided by s(g)?
4
Suppose 10 = 2*a + 2, -r - 617 = 5*a. Let h = r + 792. What is the remainder when h is divided by 41?
32
Suppose -5*g - 528 = -4*h + 578, -h = -5*g - 269. What is the remainder when h is divided by 68?
7
Suppose 4*d = 2*f - 96, -4*f + 58 + 146 = -4*d. Calculate the remainder when 478 is divided by f.
46
Let h = 50 - 45. Suppose -5*g - 11 = -2*k, -g - g - 17 = -h*k. Suppose v = 3*q + 47, -k*q = v + 16 - 93. What is the remainder when v is divided by 16?
14
Let g be -4 - -5 - (-24 - 3). Let t = 119 + g. What is the remainder when t is divided by (222/(-8))/(-3)*4?
36
Let b be 37 + (2 - 10/2). Let g(w) = 6*w - 11. Let d(c) = -c + 2. Let z(q) = b*d(q) + 6*g(q). What is the remainder when 27 is divided by z(2)?
3
Let u = -7203 - -7256. Calculate the remainder when -1 - 0 - 2 - -100 is divided by u.
44
Let h(a) = a**3 - 21*a**2 + 4*a - 48. Suppose -42 = -10*z + 8*z. What is the remainder when 287 is divided by h(z)?
35
Let n(z) = -z**3 + 20*z**2 + 18*z + 109. Suppose 0 = 56*x - 35*x - 441. What is the remainder when 733 is divided by n(x)?
43
Suppose -3*h = -2*w - 6, 0 = -4*h - 2*w + 20 + 2. Suppose h*q + 10 = -3*b + 65, 0 = -5*b + 4*q + 81. Calculate the remainder when 45 is divided by b.
11
Let c(y) = 16*y + 3112. Calculate the remainder when c(-11) is divided by 98.
94
Let v(j) be the second derivative of -j**5/20 + 2*j**4/3 - 11*j**3/6 - j**2/2 - 4*j. What is the remainder when 34 + (-4)/(8/(-6)) is divided by v(5)?
18
Let d = -403 + 427. Suppose 9*w - 495 = 6*w. What is the remainder when w is divided by d?
21
Suppose 12 = 4*b, 3*z - 4*b + 1128 = -7*b. Let i = 381 + z. Let t = -1 - -9. What is the remainder when t is divided by i?
0
Let r = 25 - -5. Let d = r + -26. Calculate the remainder when 40 is divided by (-8)/(-10)*(d + 28/8).
4
Let l = 10456 + -10291. What is the remainder when 263 is divided by l?
98
Let k(j) = j**3 + 9*j**2 + 13*j + 20. What is the remainder when 238 is divided by k(-6)?
38
Suppose -319 = 120*h - 2275 - 2004. Calculate the remainder when 887 is divided by h.
29
Let h = -99 - 278. Let p = h - -696. Calculate the remainder when p is divided by 32.
31
Let h(d) = 3791*d - 14298. Calculate the remainder when h(7) is divided by 21.
17
Suppose -3*i = -28 + 1. Let k be -291*(1 + (-12)/i). Let r = k + -65. What is the remainder when 63 is divided by r?
31
Let q = -551 - -867. What is the remainder when q is divided by 15?
1
Let y be -2 + -1 + (8 - -2). Let f(x) = x**3 - 6*x**2 - 4*x + 17. Let j = 31 - 23. What is the remainder when f(y) is divided by j?
6
Let l = 523 - 483. Calculate the remainder when 222 is divided by (l/(-15) + 2)/((-2)/42).
12
Let s be ((-6)/(-9))/((6/(-3))/(-6)). Let w be (155/10)/1 + 3/s. Calculate the remainder when w/(-4 + (-66)/(-16)) is divided by 46.
44
Let h(a) = 24*a + 976. What is the remainder when h(6) is divided by 125?
120
Suppose -3*d = -2*g - 7*d - 10, -3*g - 5*d = 17. Let k be (-1 - 91) + 4 + g + 8. Let o = -57 - k. What is the remainder when 63 is divided by o?
31
Suppose -4*k + 12 = -3*f + 7*f, -3*f = -6. Let c(d) = 3*d**2 + 1. Calculate the remainder when 191 is divided by c(k).
3
Calculate the remainder when (9/45)/((-12)/(-32710)) + (-40)/(-48) is divided by 19.
14
Let h = 363 + -363. Suppose 13*p - 28*p + 225 = h. Calculate the remainder when 252 is divided by p.
12
Let c = 997 + -997. Suppose -5*s + 2*v = -28, c = -11*s + 14*s + 2*v - 20. What is the remainder when 107 is divided by s?
5
Calculate the remainder when 164 is divided by (-10 - (-672)/80)/((-1)/(-160)*-2).
36
What is the remainder when 42 - ((-6)/(-3))/2 - -7 is divided by 4?
0
Let v = 0 + 0. Let n be (v + 4/(-6))/(2/12). Let q(r) = -13*r + 1. Calculate the remainder when q(n) is divided by 14.
11
Suppose 91*n - 623 = 16*n + 502. What is the remainder when 12283 is divided by n?
13
Let m(z) = -80*z + 535. Calculate the remainder when m(4) is divided by 28.
19
What is the remainder when 282 + (21/(-3) - (16 - 22)) + -6 is divided by 268?
7
Let f(w) be the second derivative of -2*w**3/3 + 7*w**2 + w + 12. What is the remainder when 143 is divided by f(-9)?
43
Suppose -194 = -7*c + 2. Let t = -35 + 100. What is the remainder when t is divided by c?
9
Suppose 0 = 2*i - 4*r - 20, 5*i - 20 = -2*r - 3*r. Calculate the remainder when 247 is divided by ((-680)/16)/((-3)/i).
77
Let d(r) = -84*r**2 + 35*r**2 + 35*r**2 - 8*r + 81 + 13*r**2. Calculate the remainder when 118 is divided by d(-10).
57
Let r = -85 - -58. Let f = 30 + r. Suppose -u = 1650 - 1668. Calculate the remainder when u is divided by f.
0
Suppose 0 = i - z - 16 - 12, 4*z = i - 13. What is the remainder when 153 is divided by i?
21
Let h = -247 + 385. Suppose 0 = -2*o + 2*j + 3*j + 61, 5*o - h = -2*j. What is the remainder when 53 is divided by o?
25
Let i(c) = c**3 - 9*c**2 - 33*c + 46. Calculate the remainder when 275 is divided by i(12).
29
Let t = -19800 + 20916. Calculate the remainder when t is divided by 140.
136
Let v(d) = -2*d**2 - d + 19. Let j be v(4). Let p = -11 - j. Calculate the remainder when 166 is divided by p.
4
Let j = 2264 + -2224. Calculate the remainder when 438 is divided by j.
38
Let j(n) = -n**3 + 7*n**2 + n - 4. Let x be j(3). Suppose 2*t - d = x, 12*t = 10*t - 5*d + 29. Calculate the remainder when 24 is divided by t.
7
Suppose 0 = 28*k - 23*k - f - 691, -2*k + 262 = -4*f. Calculate the remainder when k is divided by 36.
31
Suppose -3*y = 9, -4*x - 6*y + 4*y = -38. What is the remainder when 1680/(-160)*68/6*-1 is divided by x?
9
Let d = 4723 + -900. Calculate the remainder when d is divided by 15.
13
Let v(i) be the third derivative of -i**4/6 - 11*i**3/6 + 10*i**2. Let k be v(-4). What is the remainder when (48/10)/(0 - k/(-25)) is divided by 14?
10
Let j(g) = -g**3 - g**2 + 2*g + 4. Calculate the remainder when (8 + 374/(-66))*(-936)/(-28) is divided by j(-3).
14
Let s(b) = -32*b + 1421. What is the remainder when s(27) is divided by 31?
30
Suppose -15*k + v = -11*k - 3073, -4*k - v + 3063 = 0. Suppose k - 5239 = -26*l. What is the remainder when l is divided by 29?
27
Let p = 3836 - 3323. Calculate the remainder when p is divided by 502.
11
Let c(y) = 20*y + y**2 + 10*y**2 + 2*y**2 + 5*y**2 - 19*y - 5. What is the remainder when c(3) is divided by 9?
7
Suppose 5*u - 50 = 5*f, -3*u + 38 - 7 = -2*f. Suppose 360 = 9*b + 3*b. Suppose 4*r + 14 = b. Calculate the remainder when u is divided by r.
3
Let r(n) = n**2 - 2*n + 2. Let i(s) = 142 - 40 - 33*s + 32*s. Calculate the remainder when i(20) is divided by r(5).
14
Let w be (-2 - 2)/((-1)/4). Suppose -73*y + 639 + 1405 = 0. Suppose -y = -4*b + 11*r - w*r, -2*b + 36 = -3*r. Calculate the remainder when b is divided by 10.
2
Let d = -195 + 198. Suppose -d*z - 5*z = -464. What is the remainder when 172 is divided by z?
56
Let p(z) = z**3 - 29*z**2 + 139*z + 65. Calculate the remainder when 272 is divided by p(23).
8
Let j(h) = -2*h**2 + 42 + h**2 + 2*h**2 - 52*h + 104*h - 63*h. What is the remainder when j(19) is divided by 40?
34
Let u(l) = -l**3 + 11*l**2